{"id":39,"date":"2015-07-23T15:16:54","date_gmt":"2015-07-23T13:16:54","guid":{"rendered":"http:\/\/das-raetsel-vom-polenztal.de\/?page_id=39"},"modified":"2015-07-23T15:22:29","modified_gmt":"2015-07-23T13:22:29","slug":"inhalt","status":"publish","type":"page","link":"https:\/\/das-raetsel-vom-polenztal.de\/?page_id=39","title":{"rendered":"Inhalt"},"content":{"rendered":"<p><em>&#8222;Das R\u00e4tsel vom Polenztal \/ Eine Entf\u00fchrung in der S\u00e4chsischen Schweiz&#8220; (ISBN 978-3-85251-833-6) &#8211; so  lautet der Titel des n\u00e4chsten Buchs von Joachim Vo\u00df. Es erscheint in wenigen Tagen. Lesen Sie  hier schon einmal vorab den Inhalt.<\/em><\/p>\n<figure id=\"attachment_41\" aria-describedby=\"caption-attachment-41\" style=\"width: 150px\" class=\"wp-caption alignleft\"><a href=\"http:\/\/das-raetsel-vom-polenztal.de\/wp-content\/uploads\/2015\/07\/PICT0006.jpg\"><img loading=\"lazy\" src=\"http:\/\/das-raetsel-vom-polenztal.de\/wp-content\/uploads\/2015\/07\/PICT0006-150x150.jpg\" alt=\"Joachim Vo\u00df unterwegs in der S\u00e4chsischen Schweiz\" width=\"150\" height=\"150\" class=\"size-thumbnail wp-image-41\" \/><\/a><figcaption id=\"caption-attachment-41\" class=\"wp-caption-text\">Joachim Vo\u00df unterwegs in der S\u00e4chsischen Schweiz<\/figcaption><\/figure>Eigentlich wollte der Hamburger Kriminal-Hauptkommissar Marcus Nase, genannt &#8222;Riecher&#8220;, nur an einer von seinem Freund, dem autorisierten Tiroler Bergwanderf\u00fchrer Johann Vols, gef\u00fchrten Wanderwoche in der S\u00e4chsischen Schweiz teilnehmen. Zur gleichen Zeit fand in dieser wundesch\u00f6nen, bizarren Gegend die Entf\u00fchrung des mit einer geheimen Entwicklung beauftragten Juniorchefs eines mittelst\u00e4ndischen Unternehmens statt. Von der \u00f6rtlichen Polizei wurde Marcus Nase mit in die komplizierten Ermittlungen hineingezogen. Das L\u00f6segeld wurde angeblich an der Polenz gezahlt. Aber gerade daraufhin gab es unerwartete neue Verwicklungen. Trotz genauer Beobachtung des Geld\u00fcbergabeortes durch die Polizei wurde niemand bei der Abholung des L\u00f6segeldes gesehen. Trotzdem war es weg! Wie konnte das m\u00f6glich sein? Wer waren die T\u00e4ter? War es ein Mitarbeiter des Unternehmens, war es der Freund des Juniorchefs, war es ein pl\u00f6tzlich abreisender Pole, war es ein Spionagering oder war es der gro\u00dfe Unbekannte? Jeder neue Verd\u00e4chtigte verwirrte die Polizei noch mehr. Kompliziert wurden die Ermittlungen noch durch den v\u00f6lligen Ged\u00e4chtnisverlust des Entf\u00fchrten. Der Hamburger Kriminalist Nase brachte schlie\u00dflich durch drei Worte den nach seiner Freilassung schweigenden Unternehmersohn dazu, die ganze Geschichte zu erz\u00e4hlen.<\/p>\n<p>Der Leser wird bei der Lekt\u00fcre dieses Romans viele der authentisch geschilderten Wanderwege und Orte wiedererkennen oder zu einem Besuch dieser einmaligen Gegend animiert werden.<\/p>\n","protected":false},"excerpt":{"rendered":"<p>&#8222;Das R\u00e4tsel vom Polenztal \/ Eine Entf\u00fchrung in der S\u00e4chsischen Schweiz&#8220; (ISBN 978-3-85251-833-6) &#8211; so lautet der Titel des n\u00e4chsten Buchs von Joachim Vo\u00df. Es erscheint in wenigen Tagen. Lesen Sie hier schon einmal vorab den Inhalt. Eigentlich wollte der Hamburger Kriminal-Hauptkommissar Marcus Nase, genannt &#8222;Riecher&#8220;, nur an einer von seinem Freund, dem autorisierten Tiroler [&hellip;]<\/p>\n","protected":false},"author":1,"featured_media":0,"parent":0,"menu_order":100,"comment_status":"closed","ping_status":"open","template":"","meta":[],"_links":{"self":[{"href":"https:\/\/das-raetsel-vom-polenztal.de\/index.php?rest_route=\/wp\/v2\/pages\/39"}],"collection":[{"href":"https:\/\/das-raetsel-vom-polenztal.de\/index.php?rest_route=\/wp\/v2\/pages"}],"about":[{"href":"https:\/\/das-raetsel-vom-polenztal.de\/index.php?rest_route=\/wp\/v2\/types\/page"}],"author":[{"embeddable":true,"href":"https:\/\/das-raetsel-vom-polenztal.de\/index.php?rest_route=\/wp\/v2\/users\/1"}],"replies":[{"embeddable":true,"href":"https:\/\/das-raetsel-vom-polenztal.de\/index.php?rest_route=%2Fwp%2Fv2%2Fcomments&post=39"}],"version-history":[{"count":2,"href":"https:\/\/das-raetsel-vom-polenztal.de\/index.php?rest_route=\/wp\/v2\/pages\/39\/revisions"}],"predecessor-version":[{"id":42,"href":"https:\/\/das-raetsel-vom-polenztal.de\/index.php?rest_route=\/wp\/v2\/pages\/39\/revisions\/42"}],"wp:attachment":[{"href":"https:\/\/das-raetsel-vom-polenztal.de\/index.php?rest_route=%2Fwp%2Fv2%2Fmedia&parent=39"}],"curies":[{"name":"wp","href":"https:\/\/api.w.org\/{rel}","templated":true}]}}

<p><em>&#8222;Das Rätsel vom Polenztal / Eine Entführung in der Sächsischen Schweiz&#8220; (ISBN 978-3-85251-833-6) &#8211; so  lautet der Titel des nächsten Buchs von Joachim Voß. Es erscheint in wenigen Tagen. Lesen Sie  hier schon einmal vorab den Inhalt.</em></p>
<figure id="attachment_41" aria-describedby="caption-attachment-41" style="width: 150px" class="wp-caption alignleft"><a href="http://das-raetsel-vom-polenztal.de/wp-content/uploads/2015/07/PICT0006.jpg"><img loading="lazy" src="http://das-raetsel-vom-polenztal.de/wp-content/uploads/2015/07/PICT0006-150x150.jpg" alt="Joachim Voß unterwegs in der Sächsischen Schweiz" width="150" height="150" class="size-thumbnail wp-image-41" /></a><figcaption id="caption-attachment-41" class="wp-caption-text">Joachim Voß unterwegs in der Sächsischen Schweiz</figcaption></figure>Eigentlich wollte der Hamburger Kriminal-Hauptkommissar Marcus Nase, genannt &#8222;Riecher&#8220;, nur an einer von seinem Freund, dem autorisierten Tiroler Bergwanderführer Johann Vols, geführten Wanderwoche in der Sächsischen Schweiz teilnehmen. Zur gleichen Zeit fand in dieser wundeschönen, bizarren Gegend die Entführung des mit einer geheimen Entwicklung beauftragten Juniorchefs eines mittelständischen Unternehmens statt. Von der örtlichen Polizei wurde Marcus Nase mit in die komplizierten Ermittlungen hineingezogen. Das Lösegeld wurde angeblich an der Polenz gezahlt. Aber gerade daraufhin gab es unerwartete neue Verwicklungen. Trotz genauer Beobachtung des Geldübergabeortes durch die Polizei wurde niemand bei der Abholung des Lösegeldes gesehen. Trotzdem war es weg! Wie konnte das möglich sein? Wer waren die Täter? War es ein Mitarbeiter des Unternehmens, war es der Freund des Juniorchefs, war es ein plötzlich abreisender Pole, war es ein Spionagering oder war es der große Unbekannte? Jeder neue Verdächtigte verwirrte die Polizei noch mehr. Kompliziert wurden die Ermittlungen noch durch den völligen Gedächtnisverlust des Entführten. Der Hamburger Kriminalist Nase brachte schließlich durch drei Worte den nach seiner Freilassung schweigenden Unternehmersohn dazu, die ganze Geschichte zu erzählen.</p>
<p>Der Leser wird bei der Lektüre dieses Romans viele der authentisch geschilderten Wanderwege und Orte wiedererkennen oder zu einem Besuch dieser einmaligen Gegend animiert werden.</p>

<p>&#8222;Das Rätsel vom Polenztal / Eine Entführung in der Sächsischen Schweiz&#8220; (ISBN 978-3-85251-833-6) &#8211; so lautet der Titel des nächsten Buchs von Joachim Voß. Es erscheint in wenigen Tagen. Lesen Sie hier schon einmal vorab den Inhalt. Eigentlich wollte der Hamburger Kriminal-Hauptkommissar Marcus Nase, genannt &#8222;Riecher&#8220;, nur an einer von seinem Freund, dem autorisierten Tiroler [&hellip;]</p>
